st the prime factors of 11531.
13, 887
List the prime factors of 8128.
2, 127
What are the prime factors of 8594?
2, 4297
List the prime factors of 554.
2, 277
What are the prime factors of 32022?
2, 3, 593
What are the prime factors of 13840?
2, 5, 173
List the prime factors of 1009.
1009
What are the prime factors of 581?
7, 83
What are the prime factors of 71327?
71327
List the prime factors of 48862.
2, 11, 2221
List the prime factors of 57.
3, 19
List the prime factors of 26865.
3, 5, 199
What are the prime factors of 2255?
5, 11, 41
What are the prime factors of 149162?
2, 13, 5737
List the prime factors of 398.
2, 199
List the prime factors of 723.
3, 241
What are the prime factors of 11905?
5, 2381
List the prime factors of 1538.
2, 769
List the prime factors of 107741.
107741
What are the prime factors of 10113?
3, 3371
List the prime factors of 615.
3, 5, 41
List the prime factors of 842.
2, 421
List the prime factors of 5008.
2, 313
List the prime factors of 5854.
2, 2927
List the prime factors of 1647.
3, 61
What are the prime factors of 5848?
2, 17, 43
What are the prime factors of 18518?
2, 47, 197
What are the prime factors of 562?
2, 281
List the prime factors of 1931.
1931
List the prime factors of 1898.
2, 13, 73
List the prime factors of 1119.
3, 373
List the prime factors of 602.
2, 7, 43
List the prime factors of 14068.
2, 3517
What are the prime factors of 27248?
2, 13, 131
List the prime factors of 129.
3, 43
What are the prime factors of 24463?
17, 1439
List the prime factors of 3530.
2, 5, 353
What are the prime factors of 1600?
2, 5
What are the prime factors of 40?
2, 5
What are the prime factors of 403?
13, 31
What are the prime factors of 632?
2, 79
What are the prime factors of 19837?
83, 239
What are the prime factors of 2792?
2, 349
List the prime factors of 27710.
2, 5, 17, 163
List the prime factors of 1613.
1613
List the prime factors of 704.
2, 11
List the prime factors of 1663.
1663
What are the prime factors of 2130?
2, 3, 5, 71
List the prime factors of 4807.
11, 19, 23
What are the prime factors of 1527?
3, 509
What are the prime factors of 16840?
2, 5, 421
What are the prime factors of 6932?
2, 1733
What are the prime factors of 19905?
3, 5, 1327
List the prime factors of 22361.
59, 379
What are the prime factors of 5003?
5003
List the prime factors of 54939.
3, 18313
What are the prime factors of 1095?
3, 5, 73
What are the prime factors of 4701?
3, 1567
What are the prime factors of 18429?
3, 6143
List the prime factors of 24355.
5, 4871
What are the prime factors of 5300?
2, 5, 53
List the prime factors of 96782.
2, 7, 31, 223
List the prime factors of 16517.
83, 199
What are the prime factors of 1614?
2, 3, 269
List the prime factors of 11379.
3, 3793
What are the prime factors of 6474?
2, 3, 13, 83
List the prime factors of 66967.
167, 401
What are the prime factors of 59563?
7, 67, 127
List the prime factors of 96.
2, 3
What are the prime factors of 55542?
2, 3, 9257
List the prime factors of 1458.
2, 3
List the prime factors of 10849.
19, 571
What are the prime factors of 236?
2, 59
What are the prime factors of 769?
769
List the prime factors of 727.
727
What are the prime factors of 47522?
2, 23761
What are the prime factors of 2164?
2, 541
List the prime factors of 109651.
47, 2333
List the prime factors of 1775.
5, 71
List the prime factors of 38396.
2, 29, 331
List the prime factors of 28401.
3, 9467
List the prime factors of 3913.
7, 13, 43
List the prime factors of 8342.
2, 43, 97
List the prime factors of 1246.
2, 7, 89
List the prime factors of 2061.
3, 229
List the prime factors of 973.
7, 139
What are the prime factors of 4607?
17, 271
List the prime factors of 2448.
2, 3, 17
What are the prime factors of 511?
7, 73
What are the prime factors of 16179?
3, 5393
What are the prime factors of 15039?
3, 557
List the prime factors of 22799.
7, 3257
List the prime factors of 16188.
2, 3, 19, 71
List the prime factors of 85829.
85829
List the prime factors of 15173.
15173
List the prime factors of 441.
3, 7
List the prime factors of 1561.
7, 223
List the prime factors of 35945.
5, 7, 13, 79
List the prime factors of 9873.
3, 1097
List the prime factors of 9586.
2, 4793
List the prime factors of 30834.
2, 3, 571
What are the prime factors of 2205?
3, 5, 7
List the prime factors of 909.
3, 101
List the prime factors of 470.
2, 5, 47
List the prime factors of 5659.
5659
What are the prime factors of 538?
2, 269
List the prime factors of 74973.
3, 67, 373
List the prime factors of 19865.
5, 29, 137
List the prime factors of 611.
13, 47
What are the prime factors of 5220?
2, 3, 5, 29
What are the prime factors of 972?
2, 3
What are the prime factors of 50651?
50651
List the prime factors of 3656.
2, 457
List the prime factors of 4002.
2, 3, 23, 29
List the prime factors of 9240.
2, 3, 5, 7, 11
What are the prime factors of 45?
3, 5
What are the prime factors of 1188?
2, 3, 11
List the prime factors of 7919.
7919
List the prime factors of 668.
2, 167
What are the prime factors of 2434?
2, 1217
What are the prime factors of 992?
2, 31
What are the prime factors of 10492?
2, 43, 61
List the prime factors of 33631.
13, 199
List the prime factors of 51075.
3, 5, 227
What are the prime factors of 8924?
2, 23, 97
List the prime factors of 189.
3, 7
List the prime factors of 42.
2, 3, 7
List the prime factors of 6011.
6011
List the prime factors of 10452.
2, 3, 13, 67
List the prime factors of 4086.
2, 3, 227
What are the prime factors of 3920?
2, 5, 7
What are the prime factors of 500?
2, 5
What are the prime factors of 624?
2, 3, 13
What are the prime factors of 1554?
2, 3, 7, 37
What are the prime factors of 51937?
167, 311
What are the prime factors of 9231?
3, 17, 181
What are the prime factors of 1152?
2, 3
What are the prime factors of 195?
3, 5, 13
What are the prime factors of 11511?
3, 1279
What are the prime factors of 55807?
55807
What are the prime factors of 746?
2, 373
List the prime factors of 8645.
5, 7, 13, 19
What are the prime factors of 33868?
2, 8467
List the prime factors of 9908.
2, 2477
List the prime factors of 14115.
3, 5, 941
List the prime factors of 8859.
3, 2953
What are the prime factors of 18671?
18671
What are the prime factors of 7052?
2, 41, 43
What are the prime factors of 1245?
3, 5, 83
What are the prime factors of 4702?
2, 2351
What are the prime factors of 65252?
2, 11, 1483
List the prime factors of 2521.
2521
List the prime factors of 24914.
2, 12457
List the prime factors of 25253.
25253
What are the prime factors of 13964?
2, 3491
List the prime factors of 63818.
2, 17, 1877
List the prime factors of 749.
7, 107
What are the prime factors of 594?
2, 3, 11
What are the prime factors of 4700?
2, 5, 47
List the prime factors of 2188.
2, 547
List the prime factors of 107930.
2, 5, 43, 251
What are the prime factors of 71508?
2, 3, 59, 101
List the prime factors of 456.
2, 3, 19
List the prime factors of 19398.
2, 3, 53, 61
List the prime factors of 243.
3
What are the prime factors of 1711?
29, 59
What are the prime factors of 41?
41
List the prime factors of 13840.
2, 5, 173
List the prime factors of 112610.
2, 5, 11261
List the prime factors of 3466.
2, 1733
List the prime factors of 76104.
2, 3, 7, 151
What are the prime factors of 28630?
2, 5, 7, 409
List the prime factors of 49944.
2, 3, 2081
List the prime factors of 1949.
1949
What are the prime factors of 75142?
2, 37571
List the prime factors of 8023.
71, 113
List the prime factors of 26308.
2, 6577
What are the prime factors of 12660?
2, 3, 5, 211
What are the prime factors of 4397?
4397
What are the prime factors of 429?
3, 11, 13
List the prime factors of 855.
3, 5, 19
What are the prime factors of 5909?
19, 311
List the prime factors of 1663.
1663
What are the prime factors of 7089?
3, 17, 139
List the prime factors of 14683.
14683
List the prime factors of 965.
5, 193
What are the prime factors of 82?
2, 41
What are the prime factors of 1175?
5, 47
List the prime factors of 119396.
2, 19, 1571
List the prime factors of 5508.
2, 3, 17
What are the prime factors of 11087?
11087
List the prime factors of 18648.
2, 3, 7, 37
List the prime factors of 1568.
2, 7
List the prime factors of 1588.
2, 397
W